 k - 12. Give i(-8).
60
Let g(b) = -b**2 - 9*b - 12. Give g(-6).
6
Let h(o) = o**2 - 15*o + 41. Determine h(12).
5
Let k(h) = h**3 - 9*h**2 + 8*h - 5. Calculate k(8).
-5
Let z(i) = -i**3 + i**2 + 4*i - 4. What is z(3)?
-10
Let g(l) = l**3 + 9*l**2 + 9*l - 1. Give g(-6).
53
Let m(a) = a - 7. Give m(4).
-3
Let t(h) = h**3 - 7*h**2 + 2*h + 4. What is t(6)?
-20
Let g(q) = -3*q + 11. Determine g(8).
-13
Let b(g) = 10*g - 11. Give b(-3).
-41
Let f(b) = -b**2 + 25*b - 145. Calculate f(11).
9
Let z(a) = a**3 + 18*a**2 + 17*a - 14. Calculate z(-17).
-14
Let v(p) = -p**3 - 4*p**2 - 5*p - 7. What is v(-5)?
43
Let b(c) = c**3 - 3*c**2 - 3. Calculate b(4).
13
Let d(c) = c**3 - 9*c**2 + 6*c - 3. Determine d(8).
-19
Let c(o) = 151*o - 1047. Calculate c(7).
10
Let l(r) = -r**2 - 7*r + 3. Calculate l(-7).
3
Let q(m) = 23*m - 22. What is q(1)?
1
Let s(a) = 4*a - 7. Calculate s(3).
5
Let l(v) = -v**2 + 3*v - 3. Give l(2).
-1
Let b(f) = -4*f - 18. Give b(2).
-26
Let b(c) = 41*c**3 + c**2 + 2*c. Determine b(-1).
-42
Let r(s) = 5*s**2 + 3*s - 1. Determine r(2).
25
Let g(n) = -4*n + 15. Calculate g(3).
3
Let h(n) = 6*n - 9. Determine h(5).
21
Let m(a) = -27*a - 11. Calculate m(-5).
124
Let z(w) = w**2 - 17*w + 2. Determine z(7).
-68
Let s(y) = 46*y**3 + y**2 - 1. Determine s(-1).
-46
Let h(u) = 3*u - 4. Give h(-2).
-10
Let u(l) = l**3 + 16*l**2 + 27*l - 21. What is u(-14)?
-7
Let m(v) = -v**3 - 4*v**2 + v - 11. Determine m(-5).
9
Let x(l) = l**3 - l**2 - 8*l + 8. What is x(0)?
8
Let h(y) = -11*y - 29. What is h(0)?
-29
Let k(u) = 4*u + 36. Calculate k(7).
64
Let v(p) = -p**3 - 9*p**2 - 4*p + 2. Calculate v(-8).
-30
Let r(q) = q**3 - 13*q**2 + 23*q - 22. Give r(11).
-11
Let x(a) = 10*a - 18. Calculate x(4).
22
Let c(r) = r**2 - 10*r + 10. Give c(7).
-11
Let y(g) = g - 19. What is y(22)?
3
Let d(r) = -6*r - 3. Calculate d(4).
-27
Let v(b) = -b**3 + b**2 + 1. Calculate v(1).
1
Let t(o) = 20*o + 108. Determine t(-5).
8
Let r(b) = 50*b - 405. What is r(8)?
-5
Let j(s) = -15*s - 358. What is j(-26)?
32
Let i(t) = t - 17. Determine i(10).
-7
Let l(j) = -18*j + 148. Give l(8).
4
Let v(i) = i + 16. Determine v(-14).
2
Let p(h) = -3*h**3 - 29*h**2 + 10*h + 6. Calculate p(-10).
6
Let r(u) = -4*u**2 - 226*u + 112. Give r(-57).
-2
Let r(m) = -2*m - 5. Calculate r(-9).
13
Let d(s) = -s**3 + 2*s**2 + 3*s - 6. Calculate d(3).
-6
Let a(i) = 4*i + 69. Give a(-20).
-11
Let x(n) = -2*n**2 - 5*n + 22. Determine x(3).
-11
Let b(m) = -m**3 - m**2 + 2*m - 1. What is b(3)?
-31
Let a(u) = 9*u + 4. Give a(-3).
-23
Let s(d) = 2*d + 22. What is s(-10)?
2
Let g(m) = -9*m**2 + 3*m - 1. Give g(1).
-7
Let h(s) = 4*s - 3. What is h(2)?
5
Let k(w) = 4*w - 56. Calculate k(13).
-4
Let w(r) = r**2 + 78*r - 165. Give w(2).
-5
Let s(y) = y**2 - 25*y + 66. Give s(19).
-48
Let b(h) = -27*h + 119. Give b(4).
11
Let d(x) = -4*x + 18. Determine d(9).
-18
Let q(j) = -j**2 + 83*j + 257. Calculate q(86).
-1
Let k(p) = -6*p - 128. Give k(-21).
-2
Let a(y) = -y**3 - 7*y**2 - 6*y - 4. Determine a(-5).
-24
Let w(m) = m**2 - 7*m - 8. Calculate w(9).
10
Let d(y) = -2*y**2 - 69*y + 27. What is d(-35)?
-8
Let z(p) = 32*p - 222. Give z(7).
2
Let h(s) = 55*s - 387. Give h(7).
-2
Let k(c) = 79*c + 2. What is k(0)?
2
Let b(q) = q. Calculate b(5).
5
Let v(h) = h**2 - 4. Calculate v(-3).
5
Let r(m) = m**3 - 14*m**2 + 12*m - 16. What is r(13)?
-29
Let h(t) = -t**3 - 24*t**2 - 63*t - 5. Give h(-21).
-5
Let j(d) = -d**2 - 14*d - 11. Calculate j(-14).
-11
Let f(w) = -w**3 + 14*w**2 + 14*w + 75. Calculate f(15).
60
Let f(t) = 3*t - 69. Give f(0).
-69
Let c(h) = h**3 + 7*h**2 - 11*h + 19. What is c(-8)?
43
Let u(l) = -2*l**2 + 70*l - 8. Determine u(35).
-8
Let i(u) = -2*u - 9. Give i(-11).
13
Let w(r) = 4*r + 4. Calculate w(-3).
-8
Let m(s) = s**3 + 14*s**2 + 27*s + 17. Give m(-12).
-19
Let q(j) = 2*j + 15. What is q(-11)?
-7
Let f(w) = -2*w + 21. What is f(9)?
3
Let i(u) = -22*u**3 - 2*u**2 - 4*u - 3. Calculate i(-1).
21
Let f(w) = -w**2 + 10*w - 9. What is f(8)?
7
Let b(z) = 15*z - 227. What is b(14)?
-17
Let w(p) = p**3 + 8*p**2 + p - 9. Give w(-5).
61
Let b(l) = -16*l + 124. Give b(8).
-4
Let n(w) = w**3 + 16*w**2 - 37*w - 20. What is n(-18)?
-2
Let i(c) = -6*c**2 - 30*c + 9. Calculate i(-6).
-27
Let h(m) = -8*m + 31. What is h(6)?
-17
Let a(p) = p**3 + 14*p**2 + 24*p - 6. What is a(-12)?
-6
Let l(z) = -z**3 - 8*z**2 - 2*z + 2. Calculate l(-6).
-58
Let w(c) = c**3 - 2*c**2 - 16*c - 11. Calculate w(5).
-16
Let a(x) = -5*x - 109. What is a(-23)?
6
Let g(v) = v**3 + 23*v**2 + 40*v - 49. Give g(-21).
-7
Let i(s) = s**2 + 6*s + 11. What is i(-5)?
6
Let u(q) = -q**3 + 14*q**2 - 15*q + 19. Calculate u(13).
-7
Let n(v) = 2*v**2 + 29*v + 76. What is n(-12)?
16
Let q(d) = -d**2 + 15*d - 49. Calculate q(4).
-5
Let s(n) = -n**3 + 6*n**2 - 5*n + 4. What is s(4)?
16
Let q(v) = v**2 + 2*v. What is q(2)?
8
Let w(n) = 38*n - 79. What is w(2)?
-3
Let t(g) = 2*g + 17. Determine t(-8).
1
Let j(k) = 3*k + 23. What is j(-5)?
8
Let y(j) = j**3 - 5*j**2 + 2*j + 4. Give y(5).
14
Let w(p) = p**3 + 6*p**2 - 9*p - 14. Calculate w(-7).
0
Let x(z) = -9*z + 31. What is x(4)?
-5
Let x(w) = -w**2 - 3*w + 18. Determine x(10).
-112
Let q(j) = -32*j - 480. Calculate q(-15).
0
Let r(q) = -q**3 + 7*q**2 - 2*q - 6. What is r(5)?
34
Let v(q) = q**3 - 11*q**2 + 12*q - 18. Give v(10).
2
Let i(k) = -k**2 + 12*k - 21. Determine i(2).
-1
Let n(t) = t**3 - 14*t**2 - 16*t + 20. Calculate n(15).
5
Let k(n) = n**2 + 9*n - 6. Determine k(-7).
-20
Let q(d) = 16*d + 362. Calculate q(-23).
-6
Let g(x) = -12*x**2 + 4*x - 3. Determine g(1).
-11
Let j(l) = 5*l + 7. Give j(-3).
-8
Let x(f) = -2*f**3 - 87*f**2 - 126*f + 5. What is x(-42)?
5
Let x(w) = 2*w**2 - 24*w + 9. Determine x(12).
9
Let n(x) = -15*x - 37. What is n(-4)?
23
Let m(z) = -z + 3. Calculate m(2).
1
Let c(m) = -m**3 + 9*m**2 + m. What is c(9)?
9
Let y(v) = -2*v**2 + 39*v - 22. Give y(19).
-3
Let f(m) = 25*m - 34. Calculate f(4).
66
Let h(f) = 3*f + 19. Determine h(-8).
-5
Let k(n) = -n**3 + n**2 + n + 6. Calculate k(3).
-9
Let o(w) = -5*w**3 + 2*w**2 - 3*w - 2. Calculate o(2).
-40
Let p(m) = m**3 - 3*m**2 - 4*m - 2. What is p(-1)?
-2
Let r(q) = 14*q + 452. Give r(-31).
18
Let t(q) = -q**3 + 22*q**2 + 3*q - 56. Give t(22).
10
Let p(v) = -6*v - 17. Give p(-7).
25
Let y(n) = n**3 + 12*n**2 + 12*n + 14. Calculate y(-11).
3
Let m(c) = -13*c - 27. Give m(-2).
-1
Let s(x) = -3*x**2 + 2*x + 2. Determine s(2).
-6
Let b(g) = 2*g - 29. What is b(15)?
1
Let t(f) = f**3 + 11*f**2 + 9*f + 5. Determine t(-10).
15
Let m(w) = -20*w + 35. What is m(3)?
-25
Let u(i) = i**3 + 45*i**2 - 44*i + 80. What is u(-46)?
-12
Let c(t) = -t**3 + 11*t**2 - 9*t - 1. Determine c(10).
9
Let q(z) = -2*z - 13. What is q(0)?
-13
Let z(p) = -p**3 + 7*p + 5. What is z(-4)?
41
Let p(y) = y - 1. Calculate p(11).
10
Let d(m) = 5*m**3 - 2*m**2 + 4*m - 2. Calculate d(1).
5
Let a(d) = -2*d**2 - 388*d + 782. Calculate a(2).
-2
Let k(r) = 9*r + 1. Give k(-2).
-17
Let y(v) = v**3 + 5*v**2 - 1. Calculate y(-5).
-1
Let c(x) = 4*x + 28. Give c(-6).
4
Let i(p) = -p**2 - 38*p + 79. Give i(-40).
-1
Let y(n) = n**2 - 22*n + 31. Calculate y(17).
-54
Let a(z) = -70*z + 208. Give a(3).
-2
Let k(r) = r**2 - 5*r - 11. What is k(5)?
-11
Let t(c) = 34*c**2 + 3*c + 2. Give t(-1).
33
Let m(i) = 15*i**2 + 4*i - 4. Calculate m(2).
64
Let m(g) = g - 7. Calculate m(5).
-2
Let j(f) = -f**3 - 11*f**2 - 16*f + 22. Give j(-9).
4
Let s(z) = -9*z + 79. What is s(9)?
-2
Let w(r) = -3*r**2 + 23*r + 2. What is w(8)?
-6
Let i(m) = -6*m - 43. Calculate i(-8).
5
Let a(w) = 7*w**2 - 12*w + 10. What is a(1)?
5
Let y(i) = 30*i + 37. Calculate y(-2).
-23
Let g(v) = -12*v - 109. Calculate g(-9).
-1
Let v(c) = c + 19. Determine v(-15).
4
Let w(o) = 44*o + 132. Give w(-3).
0
Let o(y) = y + 16. Give o(-19).
-3
Let o(d) = -d**2 - 6*d + 48. What is o(7)?
-43
Let k(w) = w + 12. Give k(-4).
8
Let y(w) = 3*w**3 - 2*w**2 + w + 2. Determine y(3).
68
Let a(v) = v**2 + 11*v + 18. Calculate a(-9).
0
Let i(j) = j - 6. Give i(8).
2
Let x(d) = d**3 + 5*d**2 + d + 7. Determine x(-5).
2
Let t(n) = n**2 + 2*n + 27. Determine t(-6).
51
Let v(z) = -z**3 + 10*z**2 - 8*z - 1. Calculate v(9).
8
Let v(x) = x**2 - 7*x. Calculate v(7).
0
Let a(n) = -n**2 - 19*n - 80. Calculate a(-8).
8
Let g(o) = -14*o + 3. Give g(1).
-11
Let